 b = 12. Suppose 0 = t*u - 29466 - 9097. Is u prime?
False
Let u(d) be the second derivative of -41*d**3/6 + 4*d**2 - 2*d - 26. Let t = 10 - 15. Is u(t) a composite number?
True
Suppose 0 = -q + 3 + 7. Suppose 4*h + 1206 = q*h. Is h a prime number?
False
Suppose 22*m = 24*m + 2*y - 59444, 0 = y - 5. Is m composite?
False
Let l = 19117 - -1672. Is l a prime number?
True
Suppose 2*q - 15804 = 2*p, -7*q + 5*q + 5*p + 15807 = 0. Is q composite?
False
Suppose 0 = -5*h - 10, 2*n + h - 5*h = 15082. Is n a prime number?
True
Let q be 10/3*((-38352)/(-15) - 2). Suppose q = -0*h + 4*h. Is h a prime number?
True
Let w = 672 + -457. Is w a prime number?
False
Let l = -8 - 0. Let n = l + 7. Let z(c) = 88*c**2 + 2*c + 1. Is z(n) prime?
False
Let l = 15 - 13. Suppose -4*j = l*j. Suppose j = 5*k + y - 1532, 1538 = 5*k - 0*k - y. Is k composite?
False
Let n(v) = -2*v**2 + 7*v - 5. Let f(g) = g**2. Let m(r) = -2*f(r) + n(r). Let i(w) be the first derivative of m(w). Is i(-5) composite?
False
Suppose -3*s - 12 = -3*n - 0*s, -s = -3*n + 2. Let b be n/(-3*2/354). Let q = b - -30. Is q a composite number?
False
Let t(v) = 28*v. Let q be t(3). Suppose p + q = 4*p. Let d = 183 - p. Is d composite?
True
Suppose -35358 = -3*y + 4*b - 981, 0 = y + 2*b - 11459. Is y prime?
False
Suppose 5*u = 2*o + 113 - 42, 0 = -5*u - 3*o + 81. Let d = u + 283. Is d composite?
True
Let p(z) = -z**3 - 15*z**2 - 5*z - 16. Suppose 3*n = 4*n. Suppose n = -3*f - 23 - 28. Is p(f) a composite number?
False
Suppose 0 = 2*k - 4, 5*n = 4*k - 6*k - 411. Suppose -14 = 5*f - 4*p, -5*p + 2 = -f - 5. Is n*f*2/4 prime?
True
Let n(o) = -o**3 + 9*o**2 - 7*o + 1. Suppose -2*p - 30 = -7*p. Is n(p) a prime number?
True
Suppose 2*s = -34*c + 31*c + 31535, -2*c + 2*s + 21030 = 0. Is c a composite number?
False
Let a(d) = 3354*d - 17. Let i(x) = -x. Let q(b) = -a(b) + 4*i(b). Is q(-2) a composite number?
False
Let s(f) = f**3 + 18*f**2 - 19*f - 5. Let k be s(-21). Let q = 2866 + k. Is q a prime number?
False
Let n(r) = -r**3 - 7*r**2 + r + 8. Let b be n(-7). Suppose 5*w = 10, -l = -2*l + 2*w + b. Suppose 2*t - l*s - 63 = 0, -75 = -5*t - 2*s - 2*s. Is t composite?
False
Let k = 704 + -149. Suppose -6*r + k = -r. Is r prime?
False
Let x(u) = -u. Let r(n) = 192*n + 13. Let a(g) = -r(g) + 5*x(g). Is a(-6) a composite number?
True
Suppose -4*n = -19 - 1, -2*f + 3*n = -91. Is f a composite number?
False
Let k = -3 + 5. Let o = 72 - 69. Suppose -161 = k*z - o*z. Is z prime?
False
Let p(z) = -3*z - 4. Let k be 27/(-6) + (-2)/(-4). Let f be p(k). Suppose 0 = 5*r - r + 4*y - 28, f = 4*r - y. Is r prime?
True
Suppose -7*l + 8715 = -7616. Is l composite?
False
Let l(x) = -266*x**3 + 2*x**2 - 2*x - 5. Let d be l(-2). Let m = d - 1506. Is m prime?
False
Let y = -2576 - -4971. Suppose 496 - y = -3*l. Is l composite?
True
Let v(k) = 2*k**2 - 4*k + 3. Let r be v(2). Suppose -r*j - 4 + 16 = 0. Suppose -490 = -j*i - 3*t, 0*t = i - t - 119. Is i a prime number?
False
Let u(i) = i**2 + 6*i + 9. Let z be u(-3). Suppose z = l - 0*l - 2*g - 1551, 0 = 3*l + 3*g - 4689. Is l prime?
True
Suppose -1992 = -3*p - 5*u, 25 + 641 = p + u. Let b = p + 128. Is b a composite number?
False
Suppose -2*w - 252 = 5*w. Let o = 50 + w. Suppose -10*z - 296 = -o*z. Is z a prime number?
False
Let v(o) = -1319*o - 261. Is v(-13) a prime number?
False
Let p(m) = -6*m + 337. Is p(21) a prime number?
True
Let m = 18951 + -5688. Is m composite?
True
Let h be (267/(-12))/(2/8). Is h*5/(5/(-1)) a composite number?
False
Is ((-5079)/4)/(12/(-176)) a composite number?
True
Let x = -9057 + 14097. Let u = x + -2867. Is u a prime number?
False
Let g(o) = -3*o + 1537. Is g(0) a prime number?
False
Let c = 6 + -2. Suppose -16 = c*g, -3*g = -5*j + 8 + 29. Suppose 0 = -2*u - 10*y + 5*y + 321, -5*u = -j*y - 820. Is u a prime number?
True
Let b(n) = -155*n - 12. Is b(-11) a composite number?
False
Let v be (-3)/(-3)*27094 + -1. Suppose 8*t - 2083 = v. Is t composite?
True
Suppose -4*d + 20 = d. Let h be (-2 + 4)/(d/24). Suppose 0 = 3*v - h, -2*y + 3*y = v + 173. Is y a prime number?
False
Let p(c) = -4*c**2 + 5*c - 36. Let r be p(6). Let b = 691 + r. Is b composite?
False
Let i(j) = 7*j**2 + 25*j + 11. Let o be i(-11). Let w = o + -288. Is w a prime number?
False
Let c(z) = 17*z**2 + 7. Suppose -3*d - a = 15, -6 = 3*d + a - 3*a. Let u be c(d). Suppose -3*o = 3*s - 0*o - u, -5*s - o + 449 = 0. Is s composite?
False
Let p(i) = 23 - i**3 - 43*i**2 - 22*i**2 - 12*i + 82*i**2. Is p(14) a composite number?
False
Let j(i) = -3 + 58*i - 40 + 13 - 23. Is j(17) prime?
False
Let h be 678/22 - (-8)/44. Suppose h*o + 3407 = 32*o. Is o prime?
True
Let l(g) = -1541*g - 3. Is l(-2) a composite number?
False
Let l = 107818 - 52505. Is l a composite number?
False
Suppose -7130 = -312*g + 302*g. Is g a composite number?
True
Let d(i) = -i**3 + 63*i**2 - 3*i - 117. Is d(20) prime?
False
Let u = 23283 + -12976. Is u composite?
True
Let u(q) = q**3 + 19*q**2 + 34*q + 4. Let y be u(-17). Suppose -y*j - 2049 = -6653. Is j a composite number?
False
Let h(q) = 109*q + 2. Suppose 4*m = 4*s + 12, 0*s - 3*s = -m + 7. Suppose -2*k = -1 - m. Is h(k) a prime number?
False
Let k = -38 - -43. Suppose k*g = 4*h + 3210, h = -0*h - 5. Suppose 0 = -w + g - 195. Is w a composite number?
False
Let x(r) = -r**2 + r + 4. Let k be x(0). Suppose -3*i + 658 = q, -4*q - 241 = -k*i + 3*i. Is i composite?
True
Let k(f) = 1494*f - 347. Is k(11) a composite number?
False
Suppose 5*y - 14790 = -y. Let i = -1404 + y. Is i prime?
True
Let v(h) = 79*h - 3. Is v(6) composite?
True
Suppose -a - 2 = 0, 0 = k - 6*k - 3*a - 1626. Let q = k - 100. Let g = q - -635. Is g a composite number?
False
Suppose -4*v + 2542 + 1607 = 5*r, -2*r + 4*v = -1654. Let s = r + -406. Let j = s - 206. Is j a prime number?
False
Let y(v) = -6*v**3 + 5*v**2 - 4*v + 1. Let a(c) = -65 + 10*c**2 - 4*c - 5*c - 13*c**3 + 68. Let m(o) = 4*a(o) - 9*y(o). Is m(4) a composite number?
True
Is 10681/(-55)*(-5)/1 a composite number?
False
Let c(o) = o**3 - 8*o**2 + 7. Let m be c(8). Suppose m*t - 4439 = -337. Suppose -4*w + t = 62. Is w a composite number?
False
Suppose -4*j + 8500 = -o, -2*j + 5*o + 4244 = 3*o. Is j a composite number?
True
Let q be 2 - 16/(-2 - -3). Let g(t) = -t**2 - 17*t - 5. Is g(q) a prime number?
True
Let g be ((-3)/6)/(1/4). Let x(u) = -140*u + 3. Let h be x(g). Let q = h + 244. Is q a composite number?
True
Let f be ((-4)/8)/(2/808). Let i be f/(-22) - (-20)/(-110). Is ((-21)/i)/(1/(-39)) a composite number?
True
Let r = 8 + -9. Let u be -7 + 9 - (r - -39). Is (-2)/(-9) - 4708/u a composite number?
False
Let z(s) = s - 9. Let c be z(13). Suppose q - c*q = -1671. Is q prime?
True
Let m = -4190 + 6427. Is m prime?
True
Suppose 4*l - 30 = -l. Suppose 815 = -r + l*r. Is r prime?
True
Is ((-722)/(-6))/(3/9) composite?
True
Let t = -359 + 344. Suppose 2*g = -61 + 3. Let s = t - g. Is s composite?
True
Let w(q) = 6*q**3 + 3*q**2 - 3*q. Let f be w(2). Let d(y) = -602*y - 5. Let x be d(-2). Is x/9 + (-12)/f composite?
True
Let x(q) = -q**3 - 2*q**2. Let t be x(0). Suppose -4*d + 162 + 194 = t. Is d composite?
False
Let d(c) = -1 + 6 - 12 + 6 - 164*c. Is d(-1) a prime number?
True
Let k(r) be the third derivative of r**5/20 - 29*r**4/24 + 7*r**3/6 + 13*r**2. Is k(-12) a prime number?
True
Let q = 5 - 1. Suppose -i + q*i = 861. Is i prime?
False
Suppose -3*t + 7 = 2*q + 1, -4 = -2*t + q. Is -4 + 0 + 1762/t a composite number?
False
Suppose -6*q + 3119 = -799. Suppose v - q = -4*h, 0*h + 678 = v - h. Is v a composite number?
False
Suppose 5*g = 5*v - 15605, 12271 = 5*v - 3*g - 3328. Is v prime?
False
Let u(s) = -s**2 + 19*s - 18. Let l be u(12). Let o = l - -19. Is o a prime number?
False
Suppose 5*u + 7 = 8*u - 5*r, -2*u = 5*r - 38. Suppose -u*f - 317 = -5240. Is f composite?
False
Let t = 5 + -111. Let x = 33 - t. Is x a prime number?
True
Let u = -8057 - -20040. Is u composite?
True
Let t = -11 + 9. Let a be 0 - 2 - t/(-2). Is a/(-6)*(104 - -2) a prime number?
True
Let o(k) = k**3 + 5*k**2 + 2*k - 5. Let m be o(-4). Let y(c) = 5 - 3 - 2*c + 8*c**2 + c**3 - m + 14. Is y(-6) a composite number?
False
Is (33/(-132))/((-2)/(-928336)*-2) composite?
True
Let m be (1 - -9)*(-3)/(-6). Let p be 3 + m/((-20)/(-2076)). Let f = p + -365. Is f a prime nu